5*x - 106, -k = 4*x. Calculate the highest common factor of z and r.
21
Let l(y) = -7*y - 39. Let k be l(0). Let m = k - -53. What is the greatest common factor of m and 14?
14
Let d be ((-372)/(-1674))/(((-1)/54)/(-1)). Calculate the greatest common divisor of 102 and d.
6
Suppose -o - 1032 = -2726. What is the greatest common divisor of 1232 and o?
154
Let r = -29019 + 29315. What is the greatest common divisor of 1096 and r?
8
Let s be 23/(207/(-81)) - -626. Calculate the highest common divisor of s and 1.
1
Suppose -s - 197 = -4*u + 4*s, 5*u - 5*s = 245. Let a = 174 + -170. Let d be (29 - (7 - a)) + 6. Calculate the highest common divisor of d and u.
16
Let j = -9 - -19. Suppose -5*a + 1 = 3*g - 29, -4*a + 30 = 3*g. What is the greatest common divisor of g and j?
10
Suppose 4*y - 5*y = -4. Suppose -y*d = d - 560. Suppose 6*a + 57 = 9*a - 3*h, a - 5*h = 39. Calculate the highest common divisor of d and a.
14
Let n(b) = -186*b**3 + 7*b + 12*b + b**2 - 19*b. Let k be n(-1). Let s = -131 + k. Calculate the greatest common factor of s and 14.
14
Suppose 1134 = 6805*t - 6799*t. Calculate the greatest common divisor of t and 672.
21
Let c be (-915)/(-12) + (-8)/32. Let j = 80 + c. What is the highest common factor of 12 and j?
12
Suppose 5*h + x + 196 = 0, -5*h + 48 = -4*x + 239. Let l = h - -40. What is the highest common factor of 49 and l?
1
Let w be (165/(6 - 17))/(0 + -1). Calculate the highest common factor of 102 and w.
3
Suppose -291347 = 7*b + 528031. Let l be (b/16)/(-7) + (-2)/16. Calculate the highest common divisor of 55 and l.
55
Let o(t) = -911*t - 676. Let k be o(-1). What is the greatest common divisor of 2773 and k?
47
Let a = -30 + 186. Suppose 0 = -3*l + a - 51. What is the highest common divisor of 315 and l?
35
Let g(t) = t**2 + 16*t - 110. Let q be g(-21). Let l be -1 + (-143)/q - 4/(-10). What is the greatest common divisor of l and 10?
2
Suppose 0 = -504*w + 508*w - 36. Suppose 5*f - 2*f = -4*q, 0 = 2*f + 4*q. Suppose f = -8*m + 5*m + w. What is the greatest common factor of 33 and m?
3
Let a be ((-17)/((-85)/(-52215)))/(-1). What is the greatest common divisor of a and 531?
177
Let t(s) be the first derivative of s**3/3 + s**2/2 + 9*s - 3. Let j be t(5). Let x be 1 + 60/(-1 + 6). Calculate the greatest common divisor of x and j.
13
Suppose -5*c - s = -60, 169 = s + 164. Let b = 492 - 151. What is the highest common factor of b and c?
11
Let k be 1392053/1521 - 4/18. What is the highest common factor of k and 105?
15
Let f = -2 + 29. Let h(w) = 4*w - 9. Let n = 52 - 43. Let j be h(n). Calculate the greatest common factor of f and j.
27
Let u = -180 + 255. Let c = 20686 + -20586. What is the greatest common divisor of u and c?
25
Let a(q) = -34*q + 7. Let o(p) = 35*p - 9. Let i(j) = 4*a(j) + 3*o(j). Let y be i(-2). What is the highest common divisor of 9 and y?
9
Let c(p) = -6*p - 33. Let u = -89 + 98. Let j be c(u). Let f = -32 - j. What is the highest common divisor of 10 and f?
5
Let r(u) be the second derivative of 17*u**3/6 + 188*u**2 + 310*u. Let t be r(-17). Calculate the highest common divisor of 3 and t.
3
Let r = -22729 + 22869. Calculate the greatest common factor of r and 14980.
140
Suppose -500 = -22*s + 1430 + 732. Calculate the greatest common divisor of s and 121.
121
Let n(t) = 4*t**2 - t - 1. Let k be n(-2). Let w = -3159 - -3380. What is the greatest common factor of k and w?
17
Let c = 6012 - 2925. What is the greatest common divisor of 126 and c?
63
Suppose 0 = 6*v + 451 + 1007. Let y be (-1 - v/(-6))*416/(-16). What is the highest common factor of y and 83?
83
Let z(r) = -186*r - 276. Let i be z(-6). Suppose i = 445*m - 442*m. Calculate the highest common divisor of m and 210.
70
Let k be 6/(-12) + 38/4. Suppose -43*q - 78 = -56*q + 117. Calculate the highest common factor of k and q.
3
Suppose -2*x = -0*z + 5*z - 18638, -3*z + x = -11174. What is the highest common factor of z and 9?
9
Let f = -20983 - -22867. What is the highest common factor of 60 and f?
12
Let d = -56 - -29. Let r be ((-36)/d)/(2/6). Let u be (-26)/r*(0 + -2). Calculate the highest common factor of 130 and u.
13
Suppose 4 = -248*i + 249*i, c - 4*i - 308 = 0. Calculate the greatest common factor of c and 2196.
36
Let b(m) = -27*m - 6. Let q be b(-4). Suppose -9*j + 11*j = q. Let s be 11/(55/100) + -3. What is the greatest common divisor of j and s?
17
Let h = -69 + 36. Let z be 2*1/((-6)/h). What is the greatest common divisor of 176 and z?
11
Suppose 4*q + i + 116 = 0, 0 = 5*q + i + 197 - 53. Let h be (-12)/q - (-596)/14. What is the highest common divisor of 559 and h?
43
Let k be ((-11)/((-231)/(-70)))/((-2)/(-39)). Let h = k + 63. Let c be (-59 + 1)*(0 - (-7)/h). What is the highest common factor of 29 and c?
29
Suppose -h = 4*v - 28, -52 = -6*h - 4*v - 4. Calculate the greatest common divisor of 5788 and h.
4
Suppose 4*n - 3*i = i + 180, 0 = -n - 4*i + 60. Suppose -n = -4*q + 4*v, 0 = -v + 109 - 110. Calculate the highest common factor of q and 341.
11
Let n be 5 - (2*4 - (6 + -3)). Suppose 2*a + 4*t = 8, a - t - 4*t - 25 = n. What is the greatest common factor of 45 and a?
5
Let t(d) = 15 + 12 - 2*d + 3*d + d**3 + 30*d**2 + 19. Let u be t(-30). Calculate the greatest common divisor of u and 40.
8
Suppose -1710 - 1194 = 24*n. Let b = -115 - n. Calculate the greatest common factor of 18 and b.
6
Let t(v) = 9*v**2 - 76*v + 462. Let j be t(6). What is the highest common divisor of j and 3234?
66
Let y be ((-26)/39)/(4/(-1734)). Let a(s) = -2*s**3 - 7*s**2 - 2*s + 10. Let v be a(-4). What is the greatest common divisor of y and v?
17
Suppose 23472 = 47126*i - 47102*i. Calculate the greatest common factor of 12 and i.
6
Let p be -3 - 22/(-6) - (-4)/(-6). Suppose p = -3*h + 56 + 28. Calculate the highest common divisor of 35 and h.
7
Let d(g) = 54*g**2 - 79*g - 79. Let j be d(-1). Calculate the highest common factor of 8802 and j.
54
Suppose -3131 + 1691 = -120*i. What is the greatest common divisor of 2994 and i?
6
Let y(q) = q**2 - 16*q - 49. Let d be y(-3). Let f be d/(-12) + (-78768)/(-54). Calculate the highest common divisor of f and 54.
54
Let u be (-5 + (-8 + 4)/(-2))*-1. Suppose 0 = q + 4*q - z - 654, 142 = q - u*z. Let k = q - 100. What is the highest common divisor of k and 6?
6
Let b(i) = -777*i - 12146. Let c be b(-16). Calculate the greatest common divisor of 2266 and c.
22
Let r(g) = 4*g**2 + 91*g - 54. Let h be r(-24). Calculate the highest common divisor of 2838 and h.
66
Let n(s) be the second derivative of -s**5/20 + 13*s**4/12 + s**3/3 - 33*s**2 - 11*s + 6. Let m be n(12). Calculate the highest common factor of 18 and m.
6
Let v be ((-25)/20)/((-4)/16). Suppose -7*d + 12*d = -5*w + 45, v*d = w + 15. Suppose -w = 17*s - 22*s. Calculate the highest common factor of 2 and s.
1
Let d = -8120 - -14924. Calculate the highest common divisor of 432 and d.
108
Let b(d) = d**3 + 0*d**3 + 0*d**2 + 49*d - 58*d + 31 + 6 - 14*d**2. Let p be b(16). Calculate the highest common factor of 162 and p.
81
Let i(w) be the third derivative of 7*w**5/60 + 5*w**4/8 - 43*w**3/6 + 104*w**2. Let u be i(5). Calculate the greatest common divisor of u and 9.
9
Let g(n) = -12*n - 19. Let k be (-328)/(-18) + (0 - (-10)/(-45)). Let w be g(k). Let s = w - -340. Calculate the highest common divisor of s and 21.
21
Let f be 11 + 45/(-5) + 1307 - 7. Calculate the greatest common factor of 1554 and f.
42
Suppose 0 = -u + 2*u - 12. Suppose -5*s = -q - 58, 20 = s + q - 4*q. Suppose -s + 36 = -5*i, y = 5*i + 55. Calculate the highest common factor of u and y.
6
Suppose 2*i = -7*x + 166, -16*i + 14*i + x + 214 = 0. Let g be -3 + (5 - 4 - -184). Calculate the greatest common factor of g and i.
26
Let v = 31 - 19. Suppose 0 = -83*t + 25*t + 8700. Calculate the highest common divisor of v and t.
6
Let y be -10 - (-129 - (-11 + 156/13)). What is the highest common divisor of y and 1416?
24
Let d(f) = -14*f + 21. Let q = 63 - 60. Suppose -3*x - 39 = 5*t, -q*x - 3 = -t - 0*x. Let h be d(t). What is the greatest common divisor of h and 21?
21
Suppose -3150*x + 3073*x = -8085. Let k be (20/3)/(4/18). What is the greatest common factor of k and x?
15
Let y be ((-12)/(-5))/(1/10). Suppose y = -0*r + 4*r. Let s(l) = 2*l**3 + 3*l**2 - 57*l - 6. Let h be s(-6). 